 and 1569.
523
What is the greatest common factor of 1230 and 697?
41
What is the greatest common factor of 304568 and 40?
8
Calculate the highest common divisor of 5730 and 960.
30
What is the greatest common factor of 11286 and 2622?
114
Calculate the greatest common factor of 3773 and 16807.
343
What is the highest common factor of 194442 and 10074?
138
What is the greatest common factor of 2388 and 72237?
597
Calculate the highest common factor of 25697 and 21.
7
Calculate the highest common factor of 7680 and 195.
15
What is the highest common divisor of 9529312 and 208?
208
Calculate the greatest common factor of 912 and 72390.
114
Calculate the highest common factor of 606 and 202606.
202
Calculate the greatest common factor of 157613 and 6828.
569
What is the greatest common factor of 60 and 46740?
60
Calculate the highest common divisor of 1377 and 494955.
153
Calculate the greatest common factor of 2730 and 88998.
546
What is the highest common factor of 88696 and 72?
8
What is the highest common divisor of 57 and 1086667?
19
What is the greatest common divisor of 3909950 and 550?
550
What is the greatest common factor of 624 and 4344?
24
Calculate the greatest common factor of 8 and 3364.
4
What is the highest common divisor of 23 and 940217?
23
Calculate the greatest common factor of 200 and 53225.
25
Calculate the greatest common divisor of 39 and 51779.
13
Calculate the greatest common factor of 350 and 22400.
350
What is the highest common divisor of 2044 and 523118?
146
What is the greatest common divisor of 3981 and 63?
3
What is the greatest common divisor of 55161 and 648?
81
What is the greatest common divisor of 4752 and 216?
216
What is the highest common factor of 644877 and 13509?
711
What is the highest common divisor of 1575 and 104580?
315
Calculate the greatest common divisor of 3579832 and 1272.
424
What is the highest common divisor of 6460 and 44897?
323
What is the highest common factor of 6535 and 1655969?
1307
What is the highest common divisor of 3098600 and 25?
25
What is the greatest common divisor of 419 and 1604351?
419
Calculate the greatest common divisor of 348 and 1856.
116
What is the greatest common factor of 140 and 19460?
140
What is the highest common factor of 250811 and 33?
11
What is the highest common factor of 7590 and 1155?
165
What is the greatest common divisor of 127106 and 140?
14
What is the highest common factor of 114 and 20762022?
114
What is the highest common factor of 174 and 38?
2
Calculate the greatest common divisor of 1391 and 8801.
13
Calculate the greatest common factor of 66 and 1502457.
33
Calculate the greatest common factor of 9240 and 14616.
168
Calculate the highest common factor of 1692 and 6345.
423
What is the greatest common divisor of 70 and 306460?
70
What is the highest common factor of 342 and 5890?
38
Calculate the greatest common factor of 13 and 424.
1
What is the highest common factor of 2509 and 1027?
13
What is the highest common factor of 1548 and 495231?
129
Calculate the highest common divisor of 50785 and 1505.
35
What is the highest common factor of 120 and 6583480?
40
What is the highest common divisor of 31 and 186341?
31
Calculate the highest common factor of 10409 and 602.
7
What is the highest common divisor of 70 and 20050?
10
What is the greatest common factor of 23119 and 6064?
379
What is the greatest common divisor of 8160 and 12?
12
Calculate the greatest common factor of 57350 and 93.
31
Calculate the highest common divisor of 180479 and 429.
13
Calculate the greatest common factor of 241 and 18887652.
241
Calculate the greatest common divisor of 320 and 82720.
160
Calculate the greatest common factor of 19531 and 1.
1
Calculate the greatest common divisor of 18 and 910935.
9
Calculate the greatest common factor of 3708 and 18.
18
Calculate the highest common divisor of 858 and 96239.
143
What is the highest common divisor of 16257427 and 1613?
1613
Calculate the highest common factor of 8049 and 18.
3
Calculate the highest common divisor of 905800 and 350.
350
What is the greatest common divisor of 5770 and 180?
10
What is the greatest common factor of 98758 and 201?
67
What is the greatest common factor of 60336 and 16704?
144
What is the greatest common divisor of 927409 and 1468?
367
Calculate the greatest common factor of 12 and 405936.
12
Calculate the highest common divisor of 956412 and 3348.
1116
What is the highest common factor of 154 and 1358?
14
What is the greatest common divisor of 298356 and 2538?
282
What is the greatest common divisor of 24831 and 2232?
279
What is the highest common factor of 7067 and 4393?
191
What is the highest common divisor of 16962 and 22?
22
Calculate the greatest common factor of 60 and 143655.
15
Calculate the highest common divisor of 2148 and 83.
1
Calculate the highest common divisor of 101134 and 3674.
22
Calculate the highest common divisor of 267125 and 125.
125
What is the greatest common factor of 1589 and 11816?
7
Calculate the greatest common divisor of 16412 and 616.
44
Calculate the highest common factor of 1595 and 1597871.
319
What is the highest common factor of 44658 and 1566?
54
Calculate the greatest common divisor of 1053 and 6084.
117
What is the highest common factor of 179029 and 1?
1
Calculate the greatest common divisor of 856 and 55856.
8
Calculate the greatest common divisor of 12911 and 3.
1
Calculate the greatest common divisor of 397109 and 402.
67
Calculate the greatest common factor of 2256 and 57904.
752
What is the greatest common divisor of 29402 and 5302?
482
What is the greatest common factor of 18320 and 80?
80
Calculate the greatest common divisor of 1595 and 4245890.
1595
Calculate the highest common divisor of 408 and 4248.
24
Calculate the highest common factor of 3366 and 5742.
198
What is the highest common divisor of 4244 and 708?
4
Calculate the greatest common factor of 761 and 832534.
761
Calculate the greatest common factor of 243677 and 98.
49
Calculate the highest common divisor of 1684997 and 47.
47
Calculate the highest common divisor of 40020 and 117160.
580
Calculate the highest common factor of 1380 and 100395.
345
What is the highest common divisor of 34101 and 13051?
421
Calculate the highest common factor of 21 and 317037.
21
What is the greatest common factor of 658 and 119294?
14
Calculate the highest common factor of 20 and 13670.
10
What is the highest common divisor of 153 and 24779574?
153
What is the highest common factor of 23 and 623093?
23
What is the highest common factor of 7 and 27496?
7
What is the highest common factor of 1362526 and 132?
22
What is the highest common factor of 5331563 and 2342?
1171
What is the highest common divisor of 7434 and 462?
42
Calculate the greatest common divisor of 158 and 428101.
79
Calculate the greatest common divisor of 2880 and 2220.
60
Calculate the greatest common factor of 156 and 900.
12
Calculate the greatest common divisor of 110 and 2651.
11
Calculate the highest common factor of 52 and 140569.
13
What is the greatest common factor of 10033 and 4108?
79
Calculate the highest common divisor of 79 and 803983.
79
What is the highest common factor of 39944 and 2488?
8
What is the greatest common divisor of 84 and 15414?
42
Calculate the greatest common divisor of 219994 and 464.
58
Calculate the highest common factor of 17775 and 8325.
225
What is the greatest common factor of 283907 and 26?
13
What is the greatest common divisor of 80825 and 275?
25
Calculate the highest common divisor of 101906 and 1004.
502
What is the greatest common factor of 20 and 4972540?
20
Calculate the highest common factor of 42807 and 1444.
19
What is the highest common factor of 32 and 15328?
32
What is the highest common factor of 253986 and 21?
3
What is the highest common divisor of 1860 and 127920?
60
Calculate the highest common divisor of 56283 and 1285.
257
Calculate the greatest common factor of 1254 and 6138.
66
What is the highest common factor of 3358000 and 3600?
400
What is the highest common divisor of 2261 and 272?
17
Calculate the highest common divisor of 5256 and 102273.
219
What is the highest common divisor of 758 and 758?
758
Calculate the greatest common factor of 50 and 961857